 148. What is the units digit of j?
7
Let r = 37 + -15. Let p = 10 + r. What is the tens digit of p?
3
Let t(r) = -6*r. Let h be t(-1). Suppose -h*s + s = -165. What is the tens digit of s?
3
Suppose -4*d - 18 = -2*r, -4*r + 3*d + d + 36 = 0. What is the units digit of r?
9
Let a be (-3)/(-9)*0 + 1. Let q(m) = 3*m - 5*m + 1 + a. What is the units digit of q(-2)?
6
Let t(d) = -d**3 - 4*d**2 - 3*d + 2. Let s be t(-3). Suppose 3*v - 5 = -s*v. What is the units digit of v?
1
Let d(r) = 5*r + 20. What is the units digit of d(7)?
5
Let m(j) = j**2 + 3*j - 9. Let w be m(-11). Suppose -5*b = 4*r - 178, -2*b = -0*b - r - w. What is the tens digit of b?
3
Suppose -4*p - 2*x = 4 + 4, 2*p = 2*x + 8. Let i be (p + 2)*-1 - -4. Suppose 0*u = i*u - 14. What is the units digit of u?
7
Let x = 97 - 22. What is the units digit of x?
5
Let v(h) = -h**3 + 5*h**2 + 7*h. Suppose 37 = 4*w - 2*f + 7, 0 = -2*w + 4*f + 30. What is the units digit of v(w)?
5
Let f = 2 + -1. Let l(w) = 3*w**2 + 0*w - w**2 - w. What is the units digit of l(f)?
1
Suppose -4*m - 5 = -1. Let y(o) = -3*o - 2. Let v be y(-2). Let z = v + m. What is the units digit of z?
3
Suppose -26 = -2*u + 4. What is the tens digit of u?
1
Let s(i) = -2*i**2 + 3*i. Let w be s(2). Let d be 1*(w - 3/(-3)). What is the units digit of 2 - -2 - d - -2?
7
Let p be (-2 + 0 + 2)/(-2). Suppose -4*u + p = -4, -2*r - 4*u = -34. What is the tens digit of r?
1
Let j(t) = t**2 + t + 1. Let m(v) = -v**3 - 18*v**2 - 18*v - 6. Let o(n) = -6*j(n) - m(n). Let y be o(-11). Let z = -10 - y. What is the units digit of z?
1
Let w = -94 + 136. Let y = -27 + w. What is the tens digit of y?
1
Let j be (-6)/2*2/3. Suppose 0 = 3*y - v - 1, y + 3 = -4*v + v. What is the units digit of (j - (-1 + y)) + 6?
5
Let v = 34 + -28. What is the units digit of -2*(-1 - 177/v)?
1
Let q = 49 - -15. What is the units digit of q?
4
Suppose 144 = -4*u + 6*u. Suppose 43 = 5*d - u. What is the tens digit of d?
2
Let d = -72 + 149. What is the tens digit of d?
7
Suppose b - 2 = -0*b. Let p(o) = -3*o**2 + 2*o**2 + 0*o - b*o + 1. What is the units digit of p(-2)?
1
Let p(x) = 7*x**2 + 4*x. What is the tens digit of p(7)?
7
Suppose 0 = 2*w - w + 7. Let x(g) = 7*g**2 + 9*g + 14. Let o(h) = 6*h**2 + 9*h + 13. Let r(d) = -6*o(d) + 5*x(d). What is the units digit of r(w)?
6
Let a = 12 + -5. What is the units digit of a?
7
Suppose 2*k + 4*p = 6, 0*k - p + 5 = 4*k. Suppose -2*z + 18 = -4*h, 5*h + 23 = 2*z + k. What is the units digit of z?
1
What is the units digit of ((-3)/(-1))/(-6*(-7)/140)?
0
What is the units digit of 1064/40 - (-4)/10?
7
Let y(l) = 1 + 0*l + 2*l + 3*l**2 - 3*l. Let u be y(1). Suppose -k + 2 = -u. What is the units digit of k?
5
Let j be 2 - 2/(6/3). Let b be (-1)/((-3)/3*j). Let g = 0 + b. What is the units digit of g?
1
Let k(m) = 12*m - 3. Let l(p) = 11*p - 2. Let b(q) = 4*k(q) - 5*l(q). Let a be (2 - 5)*2/3. What is the tens digit of b(a)?
1
Let a = -40 - -56. What is the tens digit of a?
1
Suppose -15 = 4*x - 3, -42 = 3*o + 5*x. Let p(s) = s**3 + s. Let d be p(-1). What is the units digit of 3/((-21)/o + d)?
9
Let y(d) be the second derivative of d**4/12 - 5*d**3/6 + d**2 + d. Let j be y(5). What is the units digit of j - -1*(7 - 1)?
8
Suppose -752 = -6*n + 70. What is the units digit of n?
7
Let m(n) = -n**3 + 2*n**2 + 3*n + 2. Let d be m(3). Suppose -4*p - 3*q + 65 = 0, p + d*q - 16 = q. What is the tens digit of p?
1
Let a(p) = -p. Let v be a(6). What is the units digit of (2/v)/((-4)/24)?
2
Suppose 0 = -t + d + 6, -2*t + d + 9 = 1. Let y(k) = -17*k**2 + 6*k**t + 11*k + 12 + k**3 - 2*k. What is the units digit of y(10)?
2
Let j be ((-9)/6)/((-2)/4). Suppose 0 = 2*i - j - 19. Let f = -7 + i. What is the units digit of f?
4
Suppose -4*c = -6*c + 36. What is the tens digit of c?
1
Suppose 2*r + 6 = 5*r. Let f be (-1)/(-1*r/24). Suppose 4*k + 3*q = 36, -2*q = q - f. What is the units digit of k?
6
Let k(m) = 15*m + 9. What is the units digit of k(3)?
4
Suppose -2*a + 193 = 1. What is the tens digit of a?
9
Suppose 5*k = 4*q + 453, -352 = -4*k - q - q. What is the units digit of k?
9
Suppose 0 = 5*v + 2*g + 36, -6 + 24 = -v - 4*g. Let n = v - -10. Suppose -n = -0*o - o. What is the units digit of o?
4
What is the tens digit of (1/3)/(12/576)?
1
Let v = 247 - 27. What is the tens digit of v?
2
Suppose -z - 2*z + 60 = 0. What is the tens digit of z?
2
What is the units digit of ((-6)/9)/(2/(-66)) + -2?
0
Let g = -12 + 23. Suppose g + 1 = 2*l. Let o = 10 - l. What is the units digit of o?
4
Let l be (1 + 5)/3 - 22. Let v = 29 + l. What is the units digit of v?
9
Let g(i) = 3*i**2 + 6*i - 9. What is the tens digit of g(4)?
6
Suppose 40 = 5*y - 35. What is the units digit of y?
5
Let r = -29 - -179. What is the units digit of r?
0
Suppose -150 = -n - 4*n. Suppose -5*r = a + 2*a - 29, 2*a - 3*r = 51. Suppose -3*o = -3*p + 2*p - a, n = 5*o + p. What is the units digit of o?
6
Suppose 0 = 2*d - 1 - 5. Suppose -25 = -4*s - d*m, -4*m = -4*s - 2*m + 10. Suppose -s*c + 9 = -3*c. What is the units digit of c?
9
Suppose 3*q = -2 + 11. Suppose -q*x + 2*x + 8 = 0. What is the units digit of x?
8
Let b(n) = 5*n**2. Let o be 384/27 + (-6)/27. Suppose -3*v = r - o, -8*v = -r - 3*v - 26. What is the units digit of b(r)?
5
Let m = 523 - 286. What is the units digit of m?
7
Let c(j) = j**2 - j. Let g(a) = -2*a**2 + 3*a. Let y(s) = 5*c(s) + 3*g(s). What is the units digit of y(2)?
4
Suppose -3*o + 84 = -0*o. Let n = -20 + o. What is the units digit of n?
8
Let x be 15*(-4)/(-18)*9. What is the tens digit of ((-18)/(-4))/(3/x)?
4
Let g(v) = v**2 + 5*v + 2. Let o be g(-5). Let m(k) = k + 0*k**o - 8*k - k**2 - 5. What is the units digit of m(-4)?
7
Let o(y) = -y**2 - 6*y + 3. Let j be o(-6). Let u = j + -1. What is the units digit of -1*(-2 - (0 + u))?
4
Suppose 136 = 2*f + 10. What is the units digit of f?
3
Let m = -4 - -4. Let j = -5 - m. Let d = j + 8. What is the units digit of d?
3
Let b = -49 + 168. What is the hundreds digit of b?
1
Suppose 2*k - 450 = -4*k. Suppose -3 - k = -3*n. What is the units digit of n?
6
Suppose -4*x = 2*l - 172, -4*x + x + 120 = -3*l. Suppose 0 = -3*f + 6*f - x. What is the units digit of f?
4
Let j = 128 + -88. Let c = j - 25. Suppose v + 3 = c. What is the tens digit of v?
1
Let j = 37 - 1. Suppose l - j + 14 = -5*k, 3*l + 5*k = 36. What is the units digit of l?
7
Suppose -46 = -4*p - 146. What is the units digit of (9/15)/((-1)/p)?
5
Suppose 0 = 2*v - 101 + 27. Let t = v - 24. What is the units digit of t?
3
What is the units digit of -2 + (-3 - (-4 + -9))?
8
Suppose -46 = -3*s + 2. What is the tens digit of s?
1
What is the tens digit of (-53 + -2 + 1)/(-1)?
5
Let p(y) = 113*y + 16. What is the hundreds digit of p(2)?
2
Suppose -2*z = -17 - 37. Suppose j - 4*t - z = 0, 2*j = -j + 3*t + 63. What is the tens digit of j?
1
Suppose -5 - 11 = -4*z, -17 = y - 5*z. What is the units digit of (-2)/y*(-816)/32?
7
Let r(b) = 22*b - 17. What is the units digit of r(3)?
9
Let z(w) = 2*w**2 + 4*w - 19. What is the units digit of z(-12)?
1
Let a(o) = -o**3 + 1. Let t(v) = -5*v**3 + 9*v**2 + 2*v + 8. Let g(c) = 6*a(c) - t(c). What is the tens digit of g(-9)?
1
Let r be 12/(-4)*13/(-1). Let h = r - -18. What is the units digit of h?
7
Let r(a) = -a**2 + a - 1. Let y(x) = 5*x**2 - 7*x + 6. Let n(h) = -6*r(h) - y(h). What is the tens digit of n(-4)?
1
What is the tens digit of -2*4/(-8) - -37?
3
What is the tens digit of (-4*1)/(20/(-50))?
1
Let s(m) = m**3 + 4*m**2 - 5*m - 6. Let w be s(-4). Suppose w = o - 23. What is the units digit of o?
7
Let j = 2 + 2. Suppose 4*i + 3*x - 50 = 0, 5*i + 0*i + j*x = 62. What is the units digit of i?
4
Let d(a) be the second derivative of a**5/20 + a**4/2 + 2*a**3/3 - 2*a**2 + 3*a. What is the tens digit of d(-4)?
1
Let m(v) = v**2 + v. Let t(j) = -3*j**2 - 13*j - 1. Let u(g) = -4*m(g) - t(g). What is the units digit of u(8)?
9
Let d be 30/(-42) - 4/14. What is the units digit of d/4 + (-66)/(-8)?
8
Suppose 4*c - 20 = 0, 5*l - c = 3*c. Suppose 7 = -l*d + 43. What is the units digit of d?
9
Suppose n + 4*n - 2*t = 0, -t = -2*n. Let f(v) = v**2 - v + 13. What is the tens digit of f(n)?
1
Let r(n) = 7*n**2 - n. Let f be r(2). Suppose z - 10 = -4*y, 4*z - f = -2*y + 14. What is the units digit of z?
0
Let s